{"id":26,"date":"2023-06-18T17:33:12","date_gmt":"2023-06-18T15:33:12","guid":{"rendered":"http:\/\/fewo-rab.de\/?page_id=26"},"modified":"2025-09-11T11:10:46","modified_gmt":"2025-09-11T09:10:46","slug":"die-ferienanlage","status":"publish","type":"page","link":"http:\/\/fewo-rab.de\/?page_id=26","title":{"rendered":"Die Ferienanlage"},"content":{"rendered":"\t\t<div data-elementor-type=\"wp-page\" data-elementor-id=\"26\" class=\"elementor elementor-26\">\n\t\t\t\t\t\t<section class=\"elementor-section elementor-top-section elementor-element elementor-element-04a83b6 elementor-section-full_width elementor-section-height-default elementor-section-height-default\" data-id=\"04a83b6\" data-element_type=\"section\">\n\t\t\t\t\t\t<div class=\"elementor-container elementor-column-gap-default\">\n\t\t\t\t\t<div class=\"elementor-column elementor-col-100 elementor-top-column elementor-element elementor-element-134dbd3\" data-id=\"134dbd3\" data-element_type=\"column\">\n\t\t\t<div class=\"elementor-widget-wrap elementor-element-populated\">\n\t\t\t\t\t\t<div class=\"elementor-element elementor-element-32a8004 elementor-widget elementor-widget-image-gallery\" data-id=\"32a8004\" data-element_type=\"widget\" data-widget_type=\"image-gallery.default\">\n\t\t\t\t<div class=\"elementor-widget-container\">\n\t\t\t\t\t\t\t<div class=\"elementor-image-gallery\">\n\t\t\t<div id='gallery-1' class='gallery galleryid-26 gallery-columns-2 gallery-size-medium'><figure class='gallery-item'>\n\t\t\t<div class='gallery-icon landscape'>\n\t\t\t\t<a data-elementor-open-lightbox=\"yes\" data-elementor-lightbox-slideshow=\"32a8004\" data-elementor-lightbox-title=\"Hausansicht1\" data-e-action-hash=\"#elementor-action%3Aaction%3Dlightbox%26settings%3DeyJpZCI6Mzk1LCJ1cmwiOiJodHRwOlwvXC9mZXdvLXJhYi5kZVwvd3AtY29udGVudFwvdXBsb2Fkc1wvMjAyM1wvMDZcL0hhdXNhbnNpY2h0MS1zY2FsZWQuanBnIiwic2xpZGVzaG93IjoiMzJhODAwNCJ9\" href='http:\/\/fewo-rab.de\/wp-content\/uploads\/2023\/06\/Hausansicht1-scaled.jpg'><img fetchpriority=\"high\" decoding=\"async\" width=\"300\" height=\"169\" src=\"http:\/\/fewo-rab.de\/wp-content\/uploads\/2023\/06\/Hausansicht1-300x169.jpg\" class=\"attachment-medium size-medium\" alt=\"\" aria-describedby=\"gallery-1-395\" srcset=\"http:\/\/fewo-rab.de\/wp-content\/uploads\/2023\/06\/Hausansicht1-300x169.jpg 300w, http:\/\/fewo-rab.de\/wp-content\/uploads\/2023\/06\/Hausansicht1-1024x576.jpg 1024w, http:\/\/fewo-rab.de\/wp-content\/uploads\/2023\/06\/Hausansicht1-768x432.jpg 768w, http:\/\/fewo-rab.de\/wp-content\/uploads\/2023\/06\/Hausansicht1-1536x864.jpg 1536w, http:\/\/fewo-rab.de\/wp-content\/uploads\/2023\/06\/Hausansicht1-2048x1152.jpg 2048w, http:\/\/fewo-rab.de\/wp-content\/uploads\/2023\/06\/Hausansicht1-770x435.jpg 770w\" sizes=\"(max-width: 300px) 100vw, 300px\" \/><\/a>\n\t\t\t<\/div>\n\t\t\t\t<figcaption class='wp-caption-text gallery-caption' id='gallery-1-395'>\n\t\t\t\tFerienanlage\n\t\t\t\t<\/figcaption><\/figure><figure class='gallery-item'>\n\t\t\t<div class='gallery-icon landscape'>\n\t\t\t\t<a data-elementor-open-lightbox=\"yes\" data-elementor-lightbox-slideshow=\"32a8004\" data-elementor-lightbox-title=\"Haus_Ansicht2\" data-e-action-hash=\"#elementor-action%3Aaction%3Dlightbox%26settings%3DeyJpZCI6NTMsInVybCI6Imh0dHA6XC9cL2Zld28tcmFiLmRlXC93cC1jb250ZW50XC91cGxvYWRzXC8yMDIzXC8wNlwvSGF1c19BbnNpY2h0Mi5qcGciLCJzbGlkZXNob3ciOiIzMmE4MDA0In0%3D\" href='http:\/\/fewo-rab.de\/wp-content\/uploads\/2023\/06\/Haus_Ansicht2.jpg'><img decoding=\"async\" width=\"300\" height=\"169\" src=\"http:\/\/fewo-rab.de\/wp-content\/uploads\/2023\/06\/Haus_Ansicht2-300x169.jpg\" class=\"attachment-medium size-medium\" alt=\"\" aria-describedby=\"gallery-1-53\" srcset=\"http:\/\/fewo-rab.de\/wp-content\/uploads\/2023\/06\/Haus_Ansicht2-300x169.jpg 300w, http:\/\/fewo-rab.de\/wp-content\/uploads\/2023\/06\/Haus_Ansicht2-1024x576.jpg 1024w, http:\/\/fewo-rab.de\/wp-content\/uploads\/2023\/06\/Haus_Ansicht2-768x432.jpg 768w, http:\/\/fewo-rab.de\/wp-content\/uploads\/2023\/06\/Haus_Ansicht2-1536x864.jpg 1536w, http:\/\/fewo-rab.de\/wp-content\/uploads\/2023\/06\/Haus_Ansicht2-2048x1152.jpg 2048w\" sizes=\"(max-width: 300px) 100vw, 300px\" \/><\/a>\n\t\t\t<\/div>\n\t\t\t\t<figcaption class='wp-caption-text gallery-caption' id='gallery-1-53'>\n\t\t\t\tFerienanlage\n\t\t\t\t<\/figcaption><\/figure><figure class='gallery-item'>\n\t\t\t<div class='gallery-icon landscape'>\n\t\t\t\t<a data-elementor-open-lightbox=\"yes\" data-elementor-lightbox-slideshow=\"32a8004\" data-elementor-lightbox-title=\"ckr765_pool_05\" data-e-action-hash=\"#elementor-action%3Aaction%3Dlightbox%26settings%3DeyJpZCI6MjU3LCJ1cmwiOiJodHRwOlwvXC9mZXdvLXJhYi5kZVwvd3AtY29udGVudFwvdXBsb2Fkc1wvMjAyM1wvMDZcL2Nrcjc2NV9wb29sXzA1LmpwZyIsInNsaWRlc2hvdyI6IjMyYTgwMDQifQ%3D%3D\" href='http:\/\/fewo-rab.de\/wp-content\/uploads\/2023\/06\/ckr765_pool_05.jpg'><img decoding=\"async\" width=\"300\" height=\"191\" src=\"http:\/\/fewo-rab.de\/wp-content\/uploads\/2023\/06\/ckr765_pool_05-300x191.jpg\" class=\"attachment-medium size-medium\" alt=\"\" aria-describedby=\"gallery-1-257\" srcset=\"http:\/\/fewo-rab.de\/wp-content\/uploads\/2023\/06\/ckr765_pool_05-300x191.jpg 300w, http:\/\/fewo-rab.de\/wp-content\/uploads\/2023\/06\/ckr765_pool_05-768x489.jpg 768w, http:\/\/fewo-rab.de\/wp-content\/uploads\/2023\/06\/ckr765_pool_05.jpg 1024w\" sizes=\"(max-width: 300px) 100vw, 300px\" \/><\/a>\n\t\t\t<\/div>\n\t\t\t\t<figcaption class='wp-caption-text gallery-caption' id='gallery-1-257'>\n\t\t\t\tAu\u00dfenpool mit Sonnenterrasse\n\t\t\t\t<\/figcaption><\/figure><figure class='gallery-item'>\n\t\t\t<div class='gallery-icon landscape'>\n\t\t\t\t<a data-elementor-open-lightbox=\"yes\" data-elementor-lightbox-slideshow=\"32a8004\" data-elementor-lightbox-title=\"ckr766_pool_03\" data-e-action-hash=\"#elementor-action%3Aaction%3Dlightbox%26settings%3DeyJpZCI6MzI5LCJ1cmwiOiJodHRwOlwvXC9mZXdvLXJhYi5kZVwvd3AtY29udGVudFwvdXBsb2Fkc1wvMjAyM1wvMDZcL2Nrcjc2Nl9wb29sXzAzLmpwZyIsInNsaWRlc2hvdyI6IjMyYTgwMDQifQ%3D%3D\" href='http:\/\/fewo-rab.de\/wp-content\/uploads\/2023\/06\/ckr766_pool_03.jpg'><img loading=\"lazy\" decoding=\"async\" width=\"300\" height=\"191\" src=\"http:\/\/fewo-rab.de\/wp-content\/uploads\/2023\/06\/ckr766_pool_03-300x191.jpg\" class=\"attachment-medium size-medium\" alt=\"\" aria-describedby=\"gallery-1-329\" srcset=\"http:\/\/fewo-rab.de\/wp-content\/uploads\/2023\/06\/ckr766_pool_03-300x191.jpg 300w, http:\/\/fewo-rab.de\/wp-content\/uploads\/2023\/06\/ckr766_pool_03-768x489.jpg 768w, http:\/\/fewo-rab.de\/wp-content\/uploads\/2023\/06\/ckr766_pool_03.jpg 1024w\" sizes=\"(max-width: 300px) 100vw, 300px\" \/><\/a>\n\t\t\t<\/div>\n\t\t\t\t<figcaption class='wp-caption-text gallery-caption' id='gallery-1-329'>\n\t\t\t\tFerienhaus\n\t\t\t\t<\/figcaption><\/figure>\n\t\t<\/div>\n\t\t<\/div>\n\t\t\t\t\t\t<\/div>\n\t\t\t\t<\/div>\n\t\t\t\t\t<\/div>\n\t\t<\/div>\n\t\t\t\t\t<\/div>\n\t\t<\/section>\n\t\t\t\t<section class=\"elementor-section elementor-top-section elementor-element elementor-element-33a793d elementor-section-boxed elementor-section-height-default elementor-section-height-default\" data-id=\"33a793d\" data-element_type=\"section\">\n\t\t\t\t\t\t<div class=\"elementor-container elementor-column-gap-default\">\n\t\t\t\t\t<div class=\"elementor-column elementor-col-100 elementor-top-column elementor-element elementor-element-72cdf9d\" data-id=\"72cdf9d\" data-element_type=\"column\">\n\t\t\t<div class=\"elementor-widget-wrap elementor-element-populated\">\n\t\t\t\t\t\t<div class=\"elementor-element elementor-element-1c086eb elementor-widget elementor-widget-text-editor\" data-id=\"1c086eb\" data-element_type=\"widget\" data-widget_type=\"text-editor.default\">\n\t\t\t\t<div class=\"elementor-widget-container\">\n\t\t\t\t\t\t\t\t\t<p style=\"text-align: center;\">Die Ferienanlage befindet sich in Supetarska Draga, einer idyllischen Bucht auf der Insel Rab in Kroatien. Die Gemeinde Supetarska Draga besteht aus vier D\u00f6rfern, die alle den Charme einer traditionellen dalmatinischen Lebensweise bewahren. Es gibt zahlreiche Freizeitm\u00f6glichkeiten, darunter Wandern, Radfahren, Tauchen und Bootfahren. Zudem ist Supetarska Draga ein beliebter Ankerplatz f\u00fcr Segel- und Yacht-Enthusiasten. Die Lage der Bucht ist ideal, da sie sowohl einen ruhigen R\u00fcckzugsort als auch einfachen Zugang zu den nahegelegenen touristischen Attraktionen der Insel bietet.<\/p>\t\t\t\t\t\t\t\t<\/div>\n\t\t\t\t<\/div>\n\t\t\t\t\t<\/div>\n\t\t<\/div>\n\t\t\t\t\t<\/div>\n\t\t<\/section>\n\t\t\t\t<section class=\"elementor-section elementor-top-section elementor-element elementor-element-4c21411 elementor-section-full_width elementor-section-height-default elementor-section-height-default\" data-id=\"4c21411\" data-element_type=\"section\">\n\t\t\t\t\t\t<div class=\"elementor-container elementor-column-gap-default\">\n\t\t\t\t\t<div class=\"elementor-column elementor-col-100 elementor-top-column elementor-element elementor-element-2cdb66c\" data-id=\"2cdb66c\" data-element_type=\"column\">\n\t\t\t<div class=\"elementor-widget-wrap elementor-element-populated\">\n\t\t\t\t\t\t<div class=\"elementor-element elementor-element-0347741 elementor-widget elementor-widget-image-gallery\" data-id=\"0347741\" data-element_type=\"widget\" data-widget_type=\"image-gallery.default\">\n\t\t\t\t<div class=\"elementor-widget-container\">\n\t\t\t\t\t\t\t<div class=\"elementor-image-gallery\">\n\t\t\t<div id='gallery-2' class='gallery galleryid-26 gallery-columns-2 gallery-size-medium'><figure class='gallery-item'>\n\t\t\t<div class='gallery-icon landscape'>\n\t\t\t\t<a data-elementor-open-lightbox=\"yes\" data-elementor-lightbox-slideshow=\"0347741\" data-elementor-lightbox-title=\"ckr766_main_04\" data-e-action-hash=\"#elementor-action%3Aaction%3Dlightbox%26settings%3DeyJpZCI6MzIzLCJ1cmwiOiJodHRwOlwvXC9mZXdvLXJhYi5kZVwvd3AtY29udGVudFwvdXBsb2Fkc1wvMjAyM1wvMDZcL2Nrcjc2Nl9tYWluXzA0LmpwZyIsInNsaWRlc2hvdyI6IjAzNDc3NDEifQ%3D%3D\" href='http:\/\/fewo-rab.de\/wp-content\/uploads\/2023\/06\/ckr766_main_04.jpg'><img loading=\"lazy\" decoding=\"async\" width=\"300\" height=\"191\" src=\"http:\/\/fewo-rab.de\/wp-content\/uploads\/2023\/06\/ckr766_main_04-300x191.jpg\" class=\"attachment-medium size-medium\" alt=\"\" aria-describedby=\"gallery-2-323\" srcset=\"http:\/\/fewo-rab.de\/wp-content\/uploads\/2023\/06\/ckr766_main_04-300x191.jpg 300w, http:\/\/fewo-rab.de\/wp-content\/uploads\/2023\/06\/ckr766_main_04-768x489.jpg 768w, http:\/\/fewo-rab.de\/wp-content\/uploads\/2023\/06\/ckr766_main_04.jpg 1024w\" sizes=\"(max-width: 300px) 100vw, 300px\" \/><\/a>\n\t\t\t<\/div>\n\t\t\t\t<figcaption class='wp-caption-text gallery-caption' id='gallery-2-323'>\n\t\t\t\tFerienhaus\n\t\t\t\t<\/figcaption><\/figure><figure class='gallery-item'>\n\t\t\t<div class='gallery-icon landscape'>\n\t\t\t\t<a data-elementor-open-lightbox=\"yes\" data-elementor-lightbox-slideshow=\"0347741\" data-elementor-lightbox-title=\"ckr766_outdoor_03\" data-e-action-hash=\"#elementor-action%3Aaction%3Dlightbox%26settings%3DeyJpZCI6MzI2LCJ1cmwiOiJodHRwOlwvXC9mZXdvLXJhYi5kZVwvd3AtY29udGVudFwvdXBsb2Fkc1wvMjAyM1wvMDZcL2Nrcjc2Nl9vdXRkb29yXzAzLmpwZyIsInNsaWRlc2hvdyI6IjAzNDc3NDEifQ%3D%3D\" href='http:\/\/fewo-rab.de\/wp-content\/uploads\/2023\/06\/ckr766_outdoor_03.jpg'><img loading=\"lazy\" decoding=\"async\" width=\"300\" height=\"191\" src=\"http:\/\/fewo-rab.de\/wp-content\/uploads\/2023\/06\/ckr766_outdoor_03-300x191.jpg\" class=\"attachment-medium size-medium\" alt=\"\" aria-describedby=\"gallery-2-326\" srcset=\"http:\/\/fewo-rab.de\/wp-content\/uploads\/2023\/06\/ckr766_outdoor_03-300x191.jpg 300w, http:\/\/fewo-rab.de\/wp-content\/uploads\/2023\/06\/ckr766_outdoor_03-768x489.jpg 768w, http:\/\/fewo-rab.de\/wp-content\/uploads\/2023\/06\/ckr766_outdoor_03.jpg 1024w\" sizes=\"(max-width: 300px) 100vw, 300px\" \/><\/a>\n\t\t\t<\/div>\n\t\t\t\t<figcaption class='wp-caption-text gallery-caption' id='gallery-2-326'>\n\t\t\t\tTerrasse\n\t\t\t\t<\/figcaption><\/figure><figure class='gallery-item'>\n\t\t\t<div class='gallery-icon landscape'>\n\t\t\t\t<a data-elementor-open-lightbox=\"yes\" data-elementor-lightbox-slideshow=\"0347741\" data-elementor-lightbox-title=\"ckr766_outdoor_01\" data-e-action-hash=\"#elementor-action%3Aaction%3Dlightbox%26settings%3DeyJpZCI6MzI0LCJ1cmwiOiJodHRwOlwvXC9mZXdvLXJhYi5kZVwvd3AtY29udGVudFwvdXBsb2Fkc1wvMjAyM1wvMDZcL2Nrcjc2Nl9vdXRkb29yXzAxLmpwZyIsInNsaWRlc2hvdyI6IjAzNDc3NDEifQ%3D%3D\" href='http:\/\/fewo-rab.de\/wp-content\/uploads\/2023\/06\/ckr766_outdoor_01.jpg'><img loading=\"lazy\" decoding=\"async\" width=\"300\" height=\"191\" src=\"http:\/\/fewo-rab.de\/wp-content\/uploads\/2023\/06\/ckr766_outdoor_01-300x191.jpg\" class=\"attachment-medium size-medium\" alt=\"\" aria-describedby=\"gallery-2-324\" srcset=\"http:\/\/fewo-rab.de\/wp-content\/uploads\/2023\/06\/ckr766_outdoor_01-300x191.jpg 300w, http:\/\/fewo-rab.de\/wp-content\/uploads\/2023\/06\/ckr766_outdoor_01-768x489.jpg 768w, http:\/\/fewo-rab.de\/wp-content\/uploads\/2023\/06\/ckr766_outdoor_01.jpg 1024w\" sizes=\"(max-width: 300px) 100vw, 300px\" \/><\/a>\n\t\t\t<\/div>\n\t\t\t\t<figcaption class='wp-caption-text gallery-caption' id='gallery-2-324'>\n\t\t\t\tTerrasse\n\t\t\t\t<\/figcaption><\/figure><figure class='gallery-item'>\n\t\t\t<div class='gallery-icon landscape'>\n\t\t\t\t<a data-elementor-open-lightbox=\"yes\" data-elementor-lightbox-slideshow=\"0347741\" data-elementor-lightbox-title=\"ckr766_outdoor_02\" data-e-action-hash=\"#elementor-action%3Aaction%3Dlightbox%26settings%3DeyJpZCI6MzI1LCJ1cmwiOiJodHRwOlwvXC9mZXdvLXJhYi5kZVwvd3AtY29udGVudFwvdXBsb2Fkc1wvMjAyM1wvMDZcL2Nrcjc2Nl9vdXRkb29yXzAyLmpwZyIsInNsaWRlc2hvdyI6IjAzNDc3NDEifQ%3D%3D\" href='http:\/\/fewo-rab.de\/wp-content\/uploads\/2023\/06\/ckr766_outdoor_02.jpg'><img loading=\"lazy\" decoding=\"async\" width=\"300\" height=\"191\" src=\"http:\/\/fewo-rab.de\/wp-content\/uploads\/2023\/06\/ckr766_outdoor_02-300x191.jpg\" class=\"attachment-medium size-medium\" alt=\"\" aria-describedby=\"gallery-2-325\" srcset=\"http:\/\/fewo-rab.de\/wp-content\/uploads\/2023\/06\/ckr766_outdoor_02-300x191.jpg 300w, http:\/\/fewo-rab.de\/wp-content\/uploads\/2023\/06\/ckr766_outdoor_02-768x489.jpg 768w, http:\/\/fewo-rab.de\/wp-content\/uploads\/2023\/06\/ckr766_outdoor_02.jpg 1024w\" sizes=\"(max-width: 300px) 100vw, 300px\" \/><\/a>\n\t\t\t<\/div>\n\t\t\t\t<figcaption class='wp-caption-text gallery-caption' id='gallery-2-325'>\n\t\t\t\tTerrasse\n\t\t\t\t<\/figcaption><\/figure><figure class='gallery-item'>\n\t\t\t<div class='gallery-icon landscape'>\n\t\t\t\t<a data-elementor-open-lightbox=\"yes\" data-elementor-lightbox-slideshow=\"0347741\" data-elementor-lightbox-title=\"ckr766_pool_05\" data-e-action-hash=\"#elementor-action%3Aaction%3Dlightbox%26settings%3DeyJpZCI6MzMwLCJ1cmwiOiJodHRwOlwvXC9mZXdvLXJhYi5kZVwvd3AtY29udGVudFwvdXBsb2Fkc1wvMjAyM1wvMDZcL2Nrcjc2Nl9wb29sXzA1LmpwZyIsInNsaWRlc2hvdyI6IjAzNDc3NDEifQ%3D%3D\" href='http:\/\/fewo-rab.de\/wp-content\/uploads\/2023\/06\/ckr766_pool_05.jpg'><img loading=\"lazy\" decoding=\"async\" width=\"300\" height=\"191\" src=\"http:\/\/fewo-rab.de\/wp-content\/uploads\/2023\/06\/ckr766_pool_05-300x191.jpg\" class=\"attachment-medium size-medium\" alt=\"\" aria-describedby=\"gallery-2-330\" srcset=\"http:\/\/fewo-rab.de\/wp-content\/uploads\/2023\/06\/ckr766_pool_05-300x191.jpg 300w, http:\/\/fewo-rab.de\/wp-content\/uploads\/2023\/06\/ckr766_pool_05-768x489.jpg 768w, http:\/\/fewo-rab.de\/wp-content\/uploads\/2023\/06\/ckr766_pool_05.jpg 1024w\" sizes=\"(max-width: 300px) 100vw, 300px\" \/><\/a>\n\t\t\t<\/div>\n\t\t\t\t<figcaption class='wp-caption-text gallery-caption' id='gallery-2-330'>\n\t\t\t\tPool mit Sonnenliegen\n\t\t\t\t<\/figcaption><\/figure><figure class='gallery-item'>\n\t\t\t<div class='gallery-icon landscape'>\n\t\t\t\t<a data-elementor-open-lightbox=\"yes\" data-elementor-lightbox-slideshow=\"0347741\" data-elementor-lightbox-title=\"ckr765_main_02\" data-e-action-hash=\"#elementor-action%3Aaction%3Dlightbox%26settings%3DeyJpZCI6MzA0LCJ1cmwiOiJodHRwOlwvXC9mZXdvLXJhYi5kZVwvd3AtY29udGVudFwvdXBsb2Fkc1wvMjAyM1wvMDZcL2Nrcjc2NV9tYWluXzAyLmpwZyIsInNsaWRlc2hvdyI6IjAzNDc3NDEifQ%3D%3D\" href='http:\/\/fewo-rab.de\/wp-content\/uploads\/2023\/06\/ckr765_main_02.jpg'><img loading=\"lazy\" decoding=\"async\" width=\"300\" height=\"191\" src=\"http:\/\/fewo-rab.de\/wp-content\/uploads\/2023\/06\/ckr765_main_02-300x191.jpg\" class=\"attachment-medium size-medium\" alt=\"\" aria-describedby=\"gallery-2-304\" srcset=\"http:\/\/fewo-rab.de\/wp-content\/uploads\/2023\/06\/ckr765_main_02-300x191.jpg 300w, http:\/\/fewo-rab.de\/wp-content\/uploads\/2023\/06\/ckr765_main_02-768x489.jpg 768w, http:\/\/fewo-rab.de\/wp-content\/uploads\/2023\/06\/ckr765_main_02.jpg 1024w\" sizes=\"(max-width: 300px) 100vw, 300px\" \/><\/a>\n\t\t\t<\/div>\n\t\t\t\t<figcaption class='wp-caption-text gallery-caption' id='gallery-2-304'>\n\t\t\t\tZufahrt\n\t\t\t\t<\/figcaption><\/figure>\n\t\t<\/div>\n\t\t<\/div>\n\t\t\t\t\t\t<\/div>\n\t\t\t\t<\/div>\n\t\t\t\t\t<\/div>\n\t\t<\/div>\n\t\t\t\t\t<\/div>\n\t\t<\/section>\n\t\t\t\t<section class=\"elementor-section elementor-top-section elementor-element elementor-element-1efdd72 elementor-section-boxed elementor-section-height-default elementor-section-height-default\" data-id=\"1efdd72\" data-element_type=\"section\">\n\t\t\t\t\t\t<div class=\"elementor-container elementor-column-gap-default\">\n\t\t\t\t\t<div class=\"elementor-column elementor-col-100 elementor-top-column elementor-element elementor-element-12c3e9e\" data-id=\"12c3e9e\" data-element_type=\"column\">\n\t\t\t<div class=\"elementor-widget-wrap elementor-element-populated\">\n\t\t\t\t\t\t<div class=\"elementor-element elementor-element-035e5a1 elementor-widget elementor-widget-text-editor\" data-id=\"035e5a1\" data-element_type=\"widget\" data-widget_type=\"text-editor.default\">\n\t\t\t\t<div class=\"elementor-widget-container\">\n\t\t\t\t\t\t\t\t\t<p style=\"text-align: center;\">Die Ferienanlage selbst steht auf einem ca. 2.500 qm gro\u00dfen Grundst\u00fcck, das sehr&nbsp;gepflegt wird und mit gro\u00dfen Palmen, Feigen, Oliven, Pinien, Steineichen und anderen f\u00fcr diese Gegend typischen Pflanzen bewachsen ist. Mehrere H\u00e4ngematten und Gartentische laden Sie zum Verweilen ein.&nbsp;Dar\u00fcber hinaus&nbsp;stehen allen&nbsp;G\u00e4sten eine&nbsp;Tischtennisplatte, eine Au\u00dfendusche und ein&nbsp;gro\u00dfer Grill zur Verf\u00fcgung. Kostenfreie Parkm\u00f6glichkeiten vor der Ferienanlage&nbsp;sind ausreichend vorhanden.<\/p>\t\t\t\t\t\t\t\t<\/div>\n\t\t\t\t<\/div>\n\t\t\t\t<div class=\"elementor-element elementor-element-0925c9d elementor-widget elementor-widget-image-gallery\" data-id=\"0925c9d\" data-element_type=\"widget\" data-widget_type=\"image-gallery.default\">\n\t\t\t\t<div class=\"elementor-widget-container\">\n\t\t\t\t\t\t\t<div class=\"elementor-image-gallery\">\n\t\t\t<div id='gallery-3' class='gallery galleryid-26 gallery-columns-2 gallery-size-medium'><figure class='gallery-item'>\n\t\t\t<div class='gallery-icon landscape'>\n\t\t\t\t<a data-elementor-open-lightbox=\"yes\" data-elementor-lightbox-slideshow=\"0925c9d\" data-elementor-lightbox-title=\"A72I5207\" data-e-action-hash=\"#elementor-action%3Aaction%3Dlightbox%26settings%3DeyJpZCI6NjAxLCJ1cmwiOiJodHRwOlwvXC9mZXdvLXJhYi5kZVwvd3AtY29udGVudFwvdXBsb2Fkc1wvMjAyM1wvMDZcL0E3Mkk1MjA3LXNjYWxlZC5qcGciLCJzbGlkZXNob3ciOiIwOTI1YzlkIn0%3D\" href='http:\/\/fewo-rab.de\/wp-content\/uploads\/2023\/06\/A72I5207-scaled.jpg'><img loading=\"lazy\" decoding=\"async\" width=\"300\" height=\"200\" src=\"http:\/\/fewo-rab.de\/wp-content\/uploads\/2023\/06\/A72I5207-300x200.jpg\" class=\"attachment-medium size-medium\" alt=\"\" aria-describedby=\"gallery-3-601\" srcset=\"http:\/\/fewo-rab.de\/wp-content\/uploads\/2023\/06\/A72I5207-300x200.jpg 300w, http:\/\/fewo-rab.de\/wp-content\/uploads\/2023\/06\/A72I5207-1024x683.jpg 1024w, http:\/\/fewo-rab.de\/wp-content\/uploads\/2023\/06\/A72I5207-768x512.jpg 768w, http:\/\/fewo-rab.de\/wp-content\/uploads\/2023\/06\/A72I5207-1536x1024.jpg 1536w, http:\/\/fewo-rab.de\/wp-content\/uploads\/2023\/06\/A72I5207-2048x1365.jpg 2048w\" sizes=\"(max-width: 300px) 100vw, 300px\" \/><\/a>\n\t\t\t<\/div>\n\t\t\t\t<figcaption class='wp-caption-text gallery-caption' id='gallery-3-601'>\n\t\t\t\tGarten\n\t\t\t\t<\/figcaption><\/figure><figure class='gallery-item'>\n\t\t\t<div class='gallery-icon landscape'>\n\t\t\t\t<a data-elementor-open-lightbox=\"yes\" data-elementor-lightbox-slideshow=\"0925c9d\" data-elementor-lightbox-title=\"V2.Terrasse (002)\" data-e-action-hash=\"#elementor-action%3Aaction%3Dlightbox%26settings%3DeyJpZCI6NTk4LCJ1cmwiOiJodHRwOlwvXC9mZXdvLXJhYi5kZVwvd3AtY29udGVudFwvdXBsb2Fkc1wvMjAyM1wvMDZcL1YyLlRlcnJhc3NlLTAwMi1zY2FsZWQuanBnIiwic2xpZGVzaG93IjoiMDkyNWM5ZCJ9\" href='http:\/\/fewo-rab.de\/wp-content\/uploads\/2023\/06\/V2.Terrasse-002-scaled.jpg'><img loading=\"lazy\" decoding=\"async\" width=\"300\" height=\"200\" src=\"http:\/\/fewo-rab.de\/wp-content\/uploads\/2023\/06\/V2.Terrasse-002-300x200.jpg\" class=\"attachment-medium size-medium\" alt=\"\" aria-describedby=\"gallery-3-598\" srcset=\"http:\/\/fewo-rab.de\/wp-content\/uploads\/2023\/06\/V2.Terrasse-002-300x200.jpg 300w, http:\/\/fewo-rab.de\/wp-content\/uploads\/2023\/06\/V2.Terrasse-002-1024x683.jpg 1024w, http:\/\/fewo-rab.de\/wp-content\/uploads\/2023\/06\/V2.Terrasse-002-768x512.jpg 768w, http:\/\/fewo-rab.de\/wp-content\/uploads\/2023\/06\/V2.Terrasse-002-1536x1024.jpg 1536w, http:\/\/fewo-rab.de\/wp-content\/uploads\/2023\/06\/V2.Terrasse-002-2048x1365.jpg 2048w\" sizes=\"(max-width: 300px) 100vw, 300px\" \/><\/a>\n\t\t\t<\/div>\n\t\t\t\t<figcaption class='wp-caption-text gallery-caption' id='gallery-3-598'>\n\t\t\t\tGartenm\u00f6bel\n\t\t\t\t<\/figcaption><\/figure><figure class='gallery-item'>\n\t\t\t<div class='gallery-icon landscape'>\n\t\t\t\t<a data-elementor-open-lightbox=\"yes\" data-elementor-lightbox-slideshow=\"0925c9d\" data-elementor-lightbox-title=\"Garten2\" data-e-action-hash=\"#elementor-action%3Aaction%3Dlightbox%26settings%3DeyJpZCI6NjAwLCJ1cmwiOiJodHRwOlwvXC9mZXdvLXJhYi5kZVwvd3AtY29udGVudFwvdXBsb2Fkc1wvMjAyM1wvMDZcL0dhcnRlbjIuanBnIiwic2xpZGVzaG93IjoiMDkyNWM5ZCJ9\" href='http:\/\/fewo-rab.de\/wp-content\/uploads\/2023\/06\/Garten2.jpg'><img loading=\"lazy\" decoding=\"async\" width=\"300\" height=\"200\" src=\"http:\/\/fewo-rab.de\/wp-content\/uploads\/2023\/06\/Garten2-300x200.jpg\" class=\"attachment-medium size-medium\" alt=\"\" aria-describedby=\"gallery-3-600\" srcset=\"http:\/\/fewo-rab.de\/wp-content\/uploads\/2023\/06\/Garten2-300x200.jpg 300w, http:\/\/fewo-rab.de\/wp-content\/uploads\/2023\/06\/Garten2-1024x683.jpg 1024w, http:\/\/fewo-rab.de\/wp-content\/uploads\/2023\/06\/Garten2-768x512.jpg 768w, http:\/\/fewo-rab.de\/wp-content\/uploads\/2023\/06\/Garten2.jpg 1200w\" sizes=\"(max-width: 300px) 100vw, 300px\" \/><\/a>\n\t\t\t<\/div>\n\t\t\t\t<figcaption class='wp-caption-text gallery-caption' id='gallery-3-600'>\n\t\t\t\tGrill\n\t\t\t\t<\/figcaption><\/figure><figure class='gallery-item'>\n\t\t\t<div class='gallery-icon landscape'>\n\t\t\t\t<a data-elementor-open-lightbox=\"yes\" data-elementor-lightbox-slideshow=\"0925c9d\" data-elementor-lightbox-title=\"Ausblick3\" data-e-action-hash=\"#elementor-action%3Aaction%3Dlightbox%26settings%3DeyJpZCI6NjAzLCJ1cmwiOiJodHRwOlwvXC9mZXdvLXJhYi5kZVwvd3AtY29udGVudFwvdXBsb2Fkc1wvMjAyM1wvMDZcL0F1c2JsaWNrMy0yLmpwZyIsInNsaWRlc2hvdyI6IjA5MjVjOWQifQ%3D%3D\" href='http:\/\/fewo-rab.de\/wp-content\/uploads\/2023\/06\/Ausblick3-2.jpg'><img loading=\"lazy\" decoding=\"async\" width=\"300\" height=\"200\" src=\"http:\/\/fewo-rab.de\/wp-content\/uploads\/2023\/06\/Ausblick3-2-300x200.jpg\" class=\"attachment-medium size-medium\" alt=\"\" aria-describedby=\"gallery-3-603\" srcset=\"http:\/\/fewo-rab.de\/wp-content\/uploads\/2023\/06\/Ausblick3-2-300x200.jpg 300w, http:\/\/fewo-rab.de\/wp-content\/uploads\/2023\/06\/Ausblick3-2-1024x683.jpg 1024w, http:\/\/fewo-rab.de\/wp-content\/uploads\/2023\/06\/Ausblick3-2-768x512.jpg 768w, http:\/\/fewo-rab.de\/wp-content\/uploads\/2023\/06\/Ausblick3-2.jpg 1200w\" sizes=\"(max-width: 300px) 100vw, 300px\" \/><\/a>\n\t\t\t<\/div>\n\t\t\t\t<figcaption class='wp-caption-text gallery-caption' id='gallery-3-603'>\n\t\t\t\tAusblick\n\t\t\t\t<\/figcaption><\/figure>\n\t\t<\/div>\n\t\t<\/div>\n\t\t\t\t\t\t<\/div>\n\t\t\t\t<\/div>\n\t\t\t\t\t<\/div>\n\t\t<\/div>\n\t\t\t\t\t<\/div>\n\t\t<\/section>\n\t\t\t\t<section class=\"elementor-section elementor-top-section elementor-element elementor-element-2913dd0 elementor-section-full_width elementor-section-height-default elementor-section-height-default\" data-id=\"2913dd0\" data-element_type=\"section\">\n\t\t\t\t\t\t<div class=\"elementor-container elementor-column-gap-default\">\n\t\t\t\t\t<div class=\"elementor-column elementor-col-100 elementor-top-column elementor-element elementor-element-ce0f00f\" data-id=\"ce0f00f\" data-element_type=\"column\">\n\t\t\t<div class=\"elementor-widget-wrap\">\n\t\t\t\t\t\t\t<\/div>\n\t\t<\/div>\n\t\t\t\t\t<\/div>\n\t\t<\/section>\n\t\t\t\t<\/div>\n\t\t","protected":false},"excerpt":{"rendered":"<p>Ferienanlage Ferienanlage Au\u00dfenpool mit Sonnenterrasse Ferienhaus Die Ferienanlage befindet sich in Supetarska Draga, einer idyllischen Bucht auf der Insel Rab in Kroatien. Die Gemeinde Supetarska Draga besteht aus vier D\u00f6rfern, die alle den Charme einer traditionellen dalmatinischen Lebensweise bewahren. Es gibt zahlreiche Freizeitm\u00f6glichkeiten, darunter Wandern, Radfahren, Tauchen und Bootfahren. Zudem ist Supetarska Draga ein beliebter [&hellip;]<\/p>\n","protected":false},"author":1,"featured_media":0,"parent":14,"menu_order":0,"comment_status":"closed","ping_status":"closed","template":"","meta":{"footnotes":""},"_links":{"self":[{"href":"http:\/\/fewo-rab.de\/index.php?rest_route=\/wp\/v2\/pages\/26"}],"collection":[{"href":"http:\/\/fewo-rab.de\/index.php?rest_route=\/wp\/v2\/pages"}],"about":[{"href":"http:\/\/fewo-rab.de\/index.php?rest_route=\/wp\/v2\/types\/page"}],"author":[{"embeddable":true,"href":"http:\/\/fewo-rab.de\/index.php?rest_route=\/wp\/v2\/users\/1"}],"replies":[{"embeddable":true,"href":"http:\/\/fewo-rab.de\/index.php?rest_route=%2Fwp%2Fv2%2Fcomments&post=26"}],"version-history":[{"count":48,"href":"http:\/\/fewo-rab.de\/index.php?rest_route=\/wp\/v2\/pages\/26\/revisions"}],"predecessor-version":[{"id":684,"href":"http:\/\/fewo-rab.de\/index.php?rest_route=\/wp\/v2\/pages\/26\/revisions\/684"}],"up":[{"embeddable":true,"href":"http:\/\/fewo-rab.de\/index.php?rest_route=\/wp\/v2\/pages\/14"}],"wp:attachment":[{"href":"http:\/\/fewo-rab.de\/index.php?rest_route=%2Fwp%2Fv2%2Fmedia&parent=26"}],"curies":[{"name":"wp","href":"https:\/\/api.w.org\/{rel}","templated":true}]}}